*d**2 - 58*d + 55. Give g(55).
-110
Let r(c) = 19*c - 800. Calculate r(40).
-40
Let z(k) = -k**2 + k - 18. Calculate z(-12).
-174
Let p(z) = 46*z**2 + 150*z - 14. Calculate p(-3).
-50
Let u(w) = w**2 - 295*w + 7720. Calculate u(266).
6
Let v(u) = 3*u**3 - 20*u**2 - 93*u + 638. Calculate v(6).
8
Let p(o) = 36*o + 394. Calculate p(-11).
-2
Let d(l) = -2*l**3 - 146*l**2 + 299*l - 72. Determine d(-75).
3
Let m(c) = -c**3 + 125*c - 527. Determine m(7).
5
Let q(n) = -n**3 - 24*n**2 - 30*n - 13. Calculate q(-22).
-321
Let m(o) = o**3 - 38*o**2 + 37*o - 72. Calculate m(37).
-72
Let c(a) = -a**3 + 5*a**2 + 33*a + 15. Calculate c(10).
-155
Let m(y) = -y**3 + 2*y**2 + 56*y - 75. Give m(8).
-11
Let b(w) = 6*w**2 + 6*w - 26. Give b(5).
154
Let z(o) = 3*o - 687. What is z(-8)?
-711
Let o(b) = 4*b**2 - 137*b + 22. Calculate o(34).
-12
Let n(u) = 67*u + 1121. Give n(-14).
183
Let n(g) = g**3 + 18*g**2 + 74*g + 3. Give n(-5).
-42
Let n(i) = -15*i**2 + 14*i - 9. Give n(0).
-9
Let a(o) = -75*o + 87. Give a(-2).
237
Let t(s) = s**2 - 37*s - 380. Determine t(-8).
-20
Let i(w) = 19*w + 973. Determine i(-50).
23
Let i(r) = -r**3 + 8*r**2 + 44*r - 244. Give i(10).
-4
Let v(o) = o**2 + 57*o - 240. Calculate v(4).
4
Let u(h) = 32*h - 34. Calculate u(-6).
-226
Let i(v) = 53*v - 356. Give i(8).
68
Let x(u) = -2*u**3 - 118*u**2 - u - 164. Give x(-59).
-105
Let q(f) = 2*f**3 - 88*f**2 - 186*f + 82. Determine q(46).
-10
Let s(c) = -11*c**2 - 53*c + 104. Give s(2).
-46
Let r(k) = 557*k - 3901. Calculate r(7).
-2
Let i(q) = -15*q + 81. Give i(6).
-9
Let k(r) = -r**3 + 97*r**2 + 2621*r + 67. Calculate k(-22).
1
Let k(d) = d**3 + 22*d**2 + 61*d - 56. Give k(-19).
-132
Let i(j) = -2*j**3 - 4*j**2 + 389*j - 27. Give i(-15).
-12
Let v(h) = h**3 - 128*h**2 - 663*h - 270. Give v(133).
-4
Let v(a) = a**2 + 23*a + 39. Calculate v(-21).
-3
Let q(r) = -r**3 + 2*r**2 - 8*r - 2. Determine q(4).
-66
Let u(g) = 3*g**2 - 7*g - 40. Calculate u(-4).
36
Let p(k) = -k**3 - 11*k**2 + 27*k - 4. Give p(-13).
-17
Let i(f) = 22*f - 253. Determine i(4).
-165
Let o(s) = -15*s - 625. Determine o(-43).
20
Let p(h) = -7*h**2 - 33*h + 587. Give p(7).
13
Let s(t) = 5*t**2 + 82*t - 467. What is s(5)?
68
Let v(j) = 41*j - 159. Give v(6).
87
Let w(u) = -6*u**2 + 142*u + 4. Determine w(24).
-44
Let w(c) = 2*c**2 - 107*c - 1065. Give w(62).
-11
Let u(r) = r**2 + 92*r - 769. Determine u(8).
31
Let p(v) = -v**3 - 6*v**2 + 31*v + 30. Determine p(-9).
-6
Let w(j) = -j**3 - 48*j**2 + 7*j + 329. Determine w(-48).
-7
Let x(m) = -135*m + 1348. Calculate x(9).
133
Let g(t) = -23*t - 331. Give g(-17).
60
Let y(s) = 44*s - 4. Determine y(1).
40
Let h(r) = -r**2 + 21*r + 4863. Calculate h(-60).
3
Let v(j) = 11*j - 50. Calculate v(5).
5
Let t(d) = -2*d**3 + 31*d**2 - 68*d - 8. Calculate t(3).
13
Let s(a) = 21*a + 976. What is s(-47)?
-11
Let a(t) = 238*t - 3328. What is a(13)?
-234
Let v(k) = 19*k**2 + 87*k + 20. Calculate v(-6).
182
Let d(o) = o**2 - 19*o + 17. What is d(5)?
-53
Let k(p) = 2*p**3 - 17*p**2 - 50*p - 36. Give k(11).
19
Let f(y) = -2666*y - 15991. Calculate f(-6).
5
Let k(u) = -17*u**2 - 13*u - 13. Determine k(-3).
-127
Let r(h) = h**3 + 57*h**2 - 116*h + 119. Determine r(-59).
1
Let a(p) = -23*p + 71. What is a(6)?
-67
Let o(g) = g**3 - 17*g**2 - 36*g - 47. What is o(19)?
-9
Let y(g) = g**3 - 27*g**2 - 33*g + 87. Determine y(28).
-53
Let x(o) = o**2 - 75*o + 627. What is x(63)?
-129
Let j(p) = -p**2 - p + 1026. Calculate j(32).
-30
Let t(n) = -n**2 + 15*n + 1295. Determine t(-29).
19
Let j(d) = 2*d + 85. Determine j(24).
133
Let r(a) = 52*a**2 - 35*a + 30. Calculate r(1).
47
Let d(q) = 1208*q - 4840. Determine d(4).
-8
Let h(s) = -22*s + 355. Give h(17).
-19
Let b(x) = -4*x**2 - 17*x - 15. Calculate b(0).
-15
Let t(q) = -2576*q - 48936. Give t(-19).
8
Let s(f) = f**2 - 402*f + 13825. Give s(38).
-7
Let x(q) = q**3 + 4*q**2 + 316*q + 943. Give x(-3).
4
Let h(f) = -12*f**3 + 200*f**2 + 70*f - 33. Give h(17).
1
Let f(q) = -118*q + 589. What is f(5)?
-1
Let o(v) = -90*v - 5397. Give o(-60).
3
Let n(s) = -s**3 - 21*s**2 + 42*s - 83. Calculate n(-23).
9
Let v(m) = m**3 - 150*m**2 + 2023*m + 261. Determine v(135).
-9
Let f(c) = -3*c**2 + 41*c + 194. What is f(-4)?
-18
Let q(p) = 3*p**3 - 14*p**2 - 22*p + 49. Determine q(5).
-36
Let v(d) = -8*d**2 - 73*d - 141. Determine v(-2).
-27
Let g(r) = -52*r + 792. What is g(38)?
-1184
Let b(u) = -u**2 + 13*u - 5. What is b(-5)?
-95
Let w(g) = -280*g - 3650. Determine w(-13).
-10
Let p(c) = -c**3 - 12*c**2 + 131*c + 1559. Give p(-13).
25
Let m(g) = -2*g**2 + 90*g - 79. Give m(46).
-171
Let g(z) = -z**3 - 4*z**2 + 25*z + 60. Determine g(-8).
116
Let z(p) = p**3 - 9*p**2 + 11*p - 20. Give z(8).
4
Let z(i) = 673*i + 72682. Calculate z(-108).
-2
Let r(q) = 4*q**3 + 1550*q**2 + 780*q + 2327. Calculate r(-387).
5
Let s(d) = 38*d**2 - 5359*d + 183. What is s(141)?
42
Let y(t) = 3*t**3 - 49*t**2 + 58*t - 63. Give y(16).
609
Let n(a) = -a**3 + 59*a**2 + 319*a + 81. Determine n(64).
17
Let a(m) = 6396*m - 57572. Determine a(9).
-8
Let d(l) = -311*l - 1252. Give d(-4).
-8
Let n(x) = 5*x - 59. Give n(12).
1
Let v(g) = -g**3 - 3*g**2 - 7*g - 9. Give v(-2).
1
Let z(o) = -4*o**3 - 64*o**2 - o - 5. Calculate z(0).
-5
Let j(g) = 57*g - 26. Determine j(2).
88
Let s(z) = -z**3 + 13*z**2 + 46*z - 756. Determine s(14).
-308
Let m(g) = -36*g - 400. Calculate m(-11).
-4
Let p(m) = 2498*m**2 + 24981*m + 9. What is p(-10)?
-1
Let g(c) = 132*c - 5092. What is g(38)?
-76
Let z(b) = 56*b**2 - 363*b + 128. Give z(6).
-34
Let w(o) = -5*o - 274. Give w(-55).
1
Let v(i) = -i**2 - 29*i - 153. Calculate v(-11).
45
Let r(a) = a**3 + 21*a**2 + 448*a + 2755. Calculate r(-8).
3
Let l(x) = -x**3 + 28*x**2 + 10*x - 286. Calculate l(28).
-6
Let n(s) = -s**3 + 44*s**2 - 194*s - 94. Determine n(39).
-55
Let p(m) = 293*m + 3528. What is p(-12)?
12
Let p(w) = -2*w**2 + 21*w + 41. What is p(12)?
5
Let g(p) = 4*p**2 + 90*p + 281. What is g(-3)?
47
Let k(z) = -z**3 + 64*z**2 + 270*z + 118. Determine k(68).
-18
Let n(a) = -25*a + 62. Give n(7).
-113
Let h(a) = 147*a**2 - 1906*a - 76. Give h(13).
-11
Let a(z) = -z**2 - 42*z + 114. What is a(-45)?
-21
Let v(b) = -149*b + 61. Determine v(-4).
657
Let u(y) = -y**2 + 16*y - 22. What is u(10)?
38
Let v(n) = -n**3 - 26*n**2 + 5*n + 14. Determine v(-26).
-116
Let x(b) = b**3 + 49*b**2 - 407*b - 17847. Determine x(-50).
3
Let v(t) = 246*t - 1325. Give v(5).
-95
Let q(w) = w**3 - 29*w**2 + 25*w + 58. What is q(28)?
-26
Let v(r) = -r**3 - 2*r**2 + 20*r + 51. Calculate v(0).
51
Let f(h) = 16*h**2 + 124*h - 14. Give f(-9).
166
Let m(t) = t**3 + 32*t**2 - 221*t - 7086. Give m(-32).
-14
Let h(d) = 2*d**3 + 24*d**2 + 58*d + 1. Determine h(-9).
-35
Let b(z) = -z**2 - 1127*z + 10216. What is b(9)?
-8
Let n(i) = 19*i - 86. What is n(4)?
-10
Let y(i) = i**3 - 49*i**2 - 106*i + 109. What is y(51)?
-95
Let n(d) = -773*d + 10029. What is n(13)?
-20
Let m(d) = -2*d**2 + 19*d + 63. Calculate m(13).
-28
Let j(n) = -2*n**2 + 92*n + 564. Calculate j(-6).
-60
Let a(d) = 5*d**2 - 294*d - 8377. What is a(-21)?
2
Let m(x) = -x**3 + 7*x**2 + 38*x - 4. What is m(12)?
-268
Let x(h) = -40*h**3 - h**2 + 5*h - 1. Calculate x(2).
-315
Let o(s) = 4*s - 322. Determine o(24).
-226
Let h(w) = -2*w**3 + 23*w**2 + 9*w + 101. Calculate h(12).
65
Let k(m) = 635*m + 1278. Calculate k(-2).
8
Let u(n) = -2*n**3 - 17*n**2 + 50*n - 6. What is u(-13)?
865
Let t(r) = 5*r - 33. Give t(20).
67
Let y(v) = -3*v**3 - v**2 - 4*v + 12. Calculate y(0).
12
Let g(i) = 2657*i - 79687. Determine g(30).
23
Let r(m) = -29*m - 97. What is r(10)?
-387
Let p(v) = v**3 + 84*v**2 + 329. What is p(-84)?
329
Let y(j) = j**3 + 7*j**2 - 193*j + 67. What is y(-18)?
-23
Let a(p) = -247*p + 452. Determine a(-2).
946
Let a(d) = 176*d - 156. Calculate a(1).
20
Let l(q) = 2*q + 60. Determine l(13).
86
Let k(l) = -34*l**2 - 69*l + 89. What is k(-3)?
-10
Let t(m) = -2*m**2 - 58*m - 335. What is t(-19)?
45
Let o(r) = r**3 + 16*r**2 + 17*r - 123. What is o(-14)?
31
Let h(p) = 20*p**3 + 8*p**2 + 18*p + 13. Determine h(-3).
-509
Let c(h) = 41*h**2 + 330*h - 15. Determine c(-8).
-31
Let a(v) = 1286*v + 42427. Calculate a(-33).
-11
Let g(m) = 45*m + 399. What is g(-9)?
-6
Let s(a) = 577*a - 244. Determine s(1).
333
Let x(k) = 3*k**3 + 13*k**2 - 14*k + 31. Cal